{"id":186,"date":"2020-09-08T09:29:04","date_gmt":"2020-09-08T09:29:04","guid":{"rendered":"https:\/\/ser.letras.up.pt\/uec\/?page_id=186"},"modified":"2025-07-01T13:03:00","modified_gmt":"2025-07-01T12:03:00","slug":"espanhol","status":"publish","type":"page","link":"https:\/\/ser.letras.up.pt\/uec\/espanhol\/","title":{"rendered":"Espanhol"},"content":{"rendered":"\n<h6 class=\"wp-block-heading\"><strong>O curso procura dar resposta \u00e0 necessidade demonstrada pelo p\u00fablico geral em termos de aprendizagem da l\u00edngua espanhola. Estes, encontram-se divididos em n\u00edveis, de acordo com o <\/strong><a rel=\"noreferrer noopener\" href=\"https:\/\/sigarra.up.pt\/flup\/pt\/conteudos_service.conteudos_cont?pct_id=571940&amp;pv_cod=42i0aav6NfaF\" target=\"_blank\">QECR<\/a><strong>.<\/strong><\/h6>\n\n\n\n<div class=\"wp-block-media-text alignwide is-stacked-on-mobile\" style=\"grid-template-columns:15% auto\"><figure class=\"wp-block-media-text__media\"><a href=\"https:\/\/sigarra.up.pt\/flup\/pt\/cur_geral.cur_view?pv_ano_lectivo=2025&amp;pv_origem=CUR&amp;pv_tipo_cur_sigla=UFC&amp;pv_curso_id=11863\" target=\"_blank\" rel=\"noopener noreferrer\"><img loading=\"lazy\" decoding=\"async\" width=\"819\" height=\"1024\" src=\"https:\/\/ser.letras.up.pt\/uec\/wp-content\/uploads\/2025\/07\/UEC-Espanhol-A1-intensivo-Cartazes-4x5-2025-generico-819x1024.jpg\" alt=\"\" class=\"wp-image-3381 size-full\" srcset=\"https:\/\/ser.letras.up.pt\/uec\/wp-content\/uploads\/2025\/07\/UEC-Espanhol-A1-intensivo-Cartazes-4x5-2025-generico-819x1024.jpg 819w, https:\/\/ser.letras.up.pt\/uec\/wp-content\/uploads\/2025\/07\/UEC-Espanhol-A1-intensivo-Cartazes-4x5-2025-generico-240x300.jpg 240w, https:\/\/ser.letras.up.pt\/uec\/wp-content\/uploads\/2025\/07\/UEC-Espanhol-A1-intensivo-Cartazes-4x5-2025-generico-768x960.jpg 768w, https:\/\/ser.letras.up.pt\/uec\/wp-content\/uploads\/2025\/07\/UEC-Espanhol-A1-intensivo-Cartazes-4x5-2025-generico-1229x1536.jpg 1229w, https:\/\/ser.letras.up.pt\/uec\/wp-content\/uploads\/2025\/07\/UEC-Espanhol-A1-intensivo-Cartazes-4x5-2025-generico-1638x2048.jpg 1638w, https:\/\/ser.letras.up.pt\/uec\/wp-content\/uploads\/2025\/07\/UEC-Espanhol-A1-intensivo-Cartazes-4x5-2025-generico.jpg 1771w\" sizes=\"auto, (max-width: 819px) 100vw, 819px\" \/><\/a><\/figure><div class=\"wp-block-media-text__content\">\n<p class=\"has-small-font-size\">Sou capaz de reconhecer palavras e express\u00f5es simples de uso corrente relativas a mim pr\u00f3prio, \u00e0 minha fam\u00edlia e aos contextos em que estou inserido, quando me falam de forma clara e pausada.<br>Sou capaz de compreender nomes conhecidos, palavras e frases muito simples, por exemplo, em avisos, cartazes ou folhetos.<br>Sou capaz de comunicar de forma simples, desde que o meu interlocutor se disponha a repetir ou dizer por outras palavras, num ritmo mais lento, e me ajude a formular aquilo que eu gostaria de dizer. Sou capaz de perguntar e de responder a perguntas simples sobre assuntos conhecidos ou relativos a \u00e1reas de necessidade imediata.<br>Sou capaz de utilizar express\u00f5es e frases simples para descrever o local onde vivo e pessoas que conhe\u00e7o.<br>Sou capaz de escrever um postal simples e curto, por exemplo, na altura de f\u00e9rias. Sou capaz de preencher uma ficha com dados pessoais, por exemplo, num hotel, com nome, morada, nacionalidade. <em><a href=\"https:\/\/sigarra.up.pt\/flup\/pt\/cur_geral.cur_view?pv_ano_lectivo=2025&amp;pv_origem=CUR&amp;pv_tipo_cur_sigla=UFC&amp;pv_curso_id=11863\" target=\"_blank\" rel=\"noreferrer noopener\">Saber mais&#8230;<\/a><\/em><\/p>\n<\/div><\/div>\n","protected":false},"excerpt":{"rendered":"<p>O curso procura dar resposta \u00e0 necessidade demonstrada pelo p\u00fablico geral em termos de aprendizagem da l\u00edngua espanhola. Estes, encontram-se divididos em n\u00edveis, de acordo com o QECR. Sou capaz de reconhecer palavras e express\u00f5es simples de uso corrente relativas a mim pr\u00f3prio, \u00e0 minha fam\u00edlia e aos contextos em que estou inserido, quando me &hellip; <a href=\"https:\/\/ser.letras.up.pt\/uec\/espanhol\/\" class=\"more-link\">Continue reading <span class=\"screen-reader-text\">Espanhol<\/span> <span class=\"meta-nav\">&rarr;<\/span><\/a><\/p>\n","protected":false},"author":10,"featured_media":0,"parent":0,"menu_order":0,"comment_status":"closed","ping_status":"closed","template":"","meta":{"footnotes":""},"class_list":["post-186","page","type-page","status-publish","hentry"],"_links":{"self":[{"href":"https:\/\/ser.letras.up.pt\/uec\/wp-json\/wp\/v2\/pages\/186","targetHints":{"allow":["GET"]}}],"collection":[{"href":"https:\/\/ser.letras.up.pt\/uec\/wp-json\/wp\/v2\/pages"}],"about":[{"href":"https:\/\/ser.letras.up.pt\/uec\/wp-json\/wp\/v2\/types\/page"}],"author":[{"embeddable":true,"href":"https:\/\/ser.letras.up.pt\/uec\/wp-json\/wp\/v2\/users\/10"}],"replies":[{"embeddable":true,"href":"https:\/\/ser.letras.up.pt\/uec\/wp-json\/wp\/v2\/comments?post=186"}],"version-history":[{"count":22,"href":"https:\/\/ser.letras.up.pt\/uec\/wp-json\/wp\/v2\/pages\/186\/revisions"}],"predecessor-version":[{"id":3382,"href":"https:\/\/ser.letras.up.pt\/uec\/wp-json\/wp\/v2\/pages\/186\/revisions\/3382"}],"wp:attachment":[{"href":"https:\/\/ser.letras.up.pt\/uec\/wp-json\/wp\/v2\/media?parent=186"}],"curies":[{"name":"wp","href":"https:\/\/api.w.org\/{rel}","templated":true}]}}