{"id":1802,"date":"2022-04-01T14:43:43","date_gmt":"2022-04-01T14:43:43","guid":{"rendered":"https:\/\/ser.letras.up.pt\/uec\/?page_id=1802"},"modified":"2025-07-01T15:04:18","modified_gmt":"2025-07-01T14:04:18","slug":"prr-plano-de-recuperacao-e-resiliencia-1o-semestre","status":"publish","type":"page","link":"https:\/\/ser.letras.up.pt\/uec\/prr-plano-de-recuperacao-e-resiliencia-1o-semestre\/","title":{"rendered":"PRR &#8211; PLANO DE RECUPERA\u00c7\u00c3O E RESILI\u00caNCIA &#8211; 1\u00ba SEMESTRE"},"content":{"rendered":"<style type=\"text\/css\">\n#foogallery-gallery-1840.fg-simple_portfolio { justify-content: center; --fg-gutter: 40px; }\n#foogallery-gallery-1840.fg-simple_portfolio .fg-item { flex-basis: 200px; }<\/style>\n\t\t\t<div class=\"foogallery foogallery-container foogallery-simple_portfolio foogallery-lightbox-none fg-simple_portfolio fg-ready fg-transparent fg-border-thin fg-shadow-large fg-shadow-inset-large fg-loading-pulse fg-loaded-fade-in fg-hover-zoomed fg-caption-always fg-hover-fade fg-hover-external fg-light-overlays fg-caption-always\" id=\"foogallery-gallery-1840\" data-foogallery=\"{&quot;item&quot;:{&quot;showCaptionTitle&quot;:true,&quot;showCaptionDescription&quot;:true},&quot;lazy&quot;:true}\" style=\"--fg-title-line-clamp: 0; --fg-description-line-clamp: 0;\" >\n\t<div class=\"fg-item fg-type-iframe fg-idle\"><figure class=\"fg-item-inner\"><a href=\"https:\/\/sigarra.up.pt\/flup\/pt\/cur_geral.cur_view?pv_ano_lectivo=2025&amp;pv_origem=CUR&amp;pv_tipo_cur_sigla=UFC&amp;pv_curso_id=37242\" target=\"_blank\" data-caption-desc=\"&lt;\/i&gt;Calend\u00e1rio: 25.11 a 10.02.25&lt;\/br&gt;\nCandidatura: 14 a 19.10.25&lt;\/br&gt;\n&lt;span style=&quot;background-color: #ffff00&quot;&gt;com bolsa&lt;\/span&gt;&lt;\/br&gt;\n&lt;i&gt;Mais info...&lt;\/i&gt;\n#CONSTRUIROFUTURO\" data-attachment-id=\"3608\" class=\"foogallery-thumb fg-thumb\" data-type=\"iframe\"><span class=\"fg-image-wrap\"><img decoding=\"async\" class=\"bf-img skip-lazy fg-image\" height=\"180\" width=\"200\" data-src-fg=\"https:\/\/ser.letras.up.pt\/uec\/wp-content\/uploads\/2025\/07\/Achas-que-ja-sabes-tudo_1a-edicao.jpg\" src=\"data:image\/svg+xml,%3Csvg%20xmlns%3D%22http%3A%2F%2Fwww.w3.org%2F2000%2Fsvg%22%20width%3D%22200%22%20height%3D%22180%22%20viewBox%3D%220%200%20200%20180%22%3E%3C%2Fsvg%3E\" loading=\"eager\"><\/span><span class=\"fg-image-overlay\"><\/span><\/a><figcaption class=\"fg-caption\"><div class=\"fg-caption-inner\"><div class=\"fg-caption-desc\"><\/i>Calend\u00e1rio: 25.11 a 10.02.25<\/br>\nCandidatura: 14 a 19.10.25<\/br>\n<span style=\"background-color: #ffff00\">com bolsa<\/span><\/br>\n<i>Mais info&#8230;<\/i>\n#CONSTRUIROFUTURO<\/div><\/div><\/figcaption><\/figure><div class=\"fg-loader\"><\/div><\/div><div class=\"fg-item fg-type-iframe fg-idle\"><figure class=\"fg-item-inner\"><a href=\"https:\/\/sigarra.up.pt\/flup\/pt\/cur_geral.cur_view?pv_ano_lectivo=2025&amp;pv_origem=CUR&amp;pv_tipo_cur_sigla=UFC&amp;pv_curso_id=30341\" target=\"_blank\" data-caption-desc=\"Calend\u00e1rio: 20.01 a 03.03.26&lt;\/br&gt;\nCandidatura: at\u00e912.12.25&lt;\/br&gt;\n&lt;i&gt;Mais info...&lt;\/i&gt;\n#CONSTRUIROFUTURO\" data-attachment-id=\"3618\" class=\"foogallery-thumb fg-thumb\" data-type=\"iframe\"><span class=\"fg-image-wrap\"><img decoding=\"async\" class=\"bf-img skip-lazy fg-image\" height=\"180\" width=\"200\" data-src-fg=\"https:\/\/ser.letras.up.pt\/uec\/wp-content\/uploads\/2022\/04\/PRR_cartaz-4x5_Avaliar-em-contextos-digitais-novo-calendario.jpg\" src=\"data:image\/svg+xml,%3Csvg%20xmlns%3D%22http%3A%2F%2Fwww.w3.org%2F2000%2Fsvg%22%20width%3D%22200%22%20height%3D%22180%22%20viewBox%3D%220%200%20200%20180%22%3E%3C%2Fsvg%3E\" loading=\"eager\"><\/span><span class=\"fg-image-overlay\"><\/span><\/a><figcaption class=\"fg-caption\"><div class=\"fg-caption-inner\"><div class=\"fg-caption-desc\">Calend\u00e1rio: 20.01 a 03.03.26<\/br>\nCandidatura: at\u00e912.12.25<\/br>\n<i>Mais info&#8230;<\/i>\n#CONSTRUIROFUTURO<\/div><\/div><\/figcaption><\/figure><div class=\"fg-loader\"><\/div><\/div><div class=\"fg-item fg-type-iframe fg-idle\"><figure class=\"fg-item-inner\"><a href=\"https:\/\/sigarra.up.pt\/flup\/pt\/cur_geral.cur_view?pv_ano_lectivo=2025&amp;pv_origem=CUR&amp;pv_tipo_cur_sigla=UFC&amp;pv_curso_id=30121\" target=\"_blank\" data-caption-desc=\"Calend\u00e1rio: 25.10 a 06.12.25&lt;\/br&gt;\r\nCandidatura: 01.07 a 18.09.25&lt;\/br&gt;\r\n&lt;span style=&quot;background-color: #ffff00&quot;&gt;com bolsa&lt;\/span&gt;&lt;\/br&gt;\r\n&lt;i&gt;Mais info...&lt;\/i&gt;&lt;\/br&gt;\r\n#CONSTRUIROFUTURO\" data-attachment-id=\"3575\" class=\"foogallery-thumb fg-thumb\" data-type=\"iframe\"><span class=\"fg-image-wrap\"><img decoding=\"async\" class=\"bf-img skip-lazy fg-image\" height=\"180\" width=\"200\" data-src-fg=\"https:\/\/ser.letras.up.pt\/uec\/wp-content\/uploads\/2020\/11\/Desenho.jpg\" src=\"data:image\/svg+xml,%3Csvg%20xmlns%3D%22http%3A%2F%2Fwww.w3.org%2F2000%2Fsvg%22%20width%3D%22200%22%20height%3D%22180%22%20viewBox%3D%220%200%20200%20180%22%3E%3C%2Fsvg%3E\" loading=\"eager\"><\/span><span class=\"fg-image-overlay\"><\/span><\/a><figcaption class=\"fg-caption\"><div class=\"fg-caption-inner\"><div class=\"fg-caption-desc\">Calend\u00e1rio: 25.10 a 06.12.25<\/br>\r\nCandidatura: 01.07 a 18.09.25<\/br>\r\n<span style=\"background-color: #ffff00\">com bolsa<\/span><\/br>\r\n<i>Mais info&#8230;<\/i><\/br>\r\n#CONSTRUIROFUTURO<\/div><\/div><\/figcaption><\/figure><div class=\"fg-loader\"><\/div><\/div><div class=\"fg-item fg-type-iframe fg-idle\"><figure class=\"fg-item-inner\"><a href=\"https:\/\/sigarra.up.pt\/flup\/pt\/cur_geral.cur_view?pv_ano_lectivo=2025&amp;pv_origem=CUR&amp;pv_tipo_cur_sigla=UFC&amp;pv_curso_id=34281\" target=\"_blank\" data-caption-desc=\"Calend\u00e1rio: 31.10.25&lt;\/br&gt;\nCandidatura: 08 a 20.10.25&lt;\/br&gt;\n&lt;i&gt;Mais info...&lt;\/i&gt;\n#CONSTRUIROFUTURO\" data-attachment-id=\"3605\" class=\"foogallery-thumb fg-thumb\" data-type=\"iframe\"><span class=\"fg-image-wrap\"><img decoding=\"async\" class=\"bf-img skip-lazy fg-image\" height=\"180\" width=\"200\" data-src-fg=\"https:\/\/ser.letras.up.pt\/uec\/wp-content\/uploads\/2025\/07\/PRR_cartaz-4x5_Detecao-de-Plagio.jpg\" src=\"data:image\/svg+xml,%3Csvg%20xmlns%3D%22http%3A%2F%2Fwww.w3.org%2F2000%2Fsvg%22%20width%3D%22200%22%20height%3D%22180%22%20viewBox%3D%220%200%20200%20180%22%3E%3C%2Fsvg%3E\" loading=\"eager\"><\/span><span class=\"fg-image-overlay\"><\/span><\/a><figcaption class=\"fg-caption\"><div class=\"fg-caption-inner\"><div class=\"fg-caption-desc\">Calend\u00e1rio: 31.10.25<\/br>\nCandidatura: 08 a 20.10.25<\/br>\n<i>Mais info&#8230;<\/i>\n#CONSTRUIROFUTURO<\/div><\/div><\/figcaption><\/figure><div class=\"fg-loader\"><\/div><\/div><div class=\"fg-item fg-type-iframe fg-idle\"><figure class=\"fg-item-inner\"><a href=\"https:\/\/sigarra.up.pt\/flup\/pt\/cur_geral.cur_view?pv_ano_lectivo=2025&amp;pv_origem=CUR&amp;pv_tipo_cur_sigla=UFC&amp;pv_curso_id=28241\" target=\"_blank\" data-caption-desc=\"Calend\u00e1rio: 25.10 a 06.12.25&lt;\/br&gt;\nCandidatura: 08.04 a 12.10.25&lt;\/br&gt;\n&lt;i&gt;Mais info...&lt;\/i&gt;\n#CONSTRUIROFUTURO\" data-attachment-id=\"3615\" class=\"foogallery-thumb fg-thumb\" data-type=\"iframe\"><span class=\"fg-image-wrap\"><img decoding=\"async\" class=\"bf-img skip-lazy fg-image\" height=\"180\" width=\"200\" data-src-fg=\"https:\/\/ser.letras.up.pt\/uec\/wp-content\/uploads\/2022\/04\/PRR_calendario-novo_25out-a-6dez.jpg\" src=\"data:image\/svg+xml,%3Csvg%20xmlns%3D%22http%3A%2F%2Fwww.w3.org%2F2000%2Fsvg%22%20width%3D%22200%22%20height%3D%22180%22%20viewBox%3D%220%200%20200%20180%22%3E%3C%2Fsvg%3E\" loading=\"eager\"><\/span><span class=\"fg-image-overlay\"><\/span><\/a><figcaption class=\"fg-caption\"><div class=\"fg-caption-inner\"><div class=\"fg-caption-desc\">Calend\u00e1rio: 25.10 a 06.12.25<\/br>\nCandidatura: 08.04 a 12.10.25<\/br>\n<i>Mais info&#8230;<\/i>\n#CONSTRUIROFUTURO<\/div><\/div><\/figcaption><\/figure><div class=\"fg-loader\"><\/div><\/div><div class=\"fg-item fg-type-iframe fg-idle\"><figure class=\"fg-item-inner\"><a href=\"https:\/\/sigarra.up.pt\/flup\/pt\/cur_geral.cur_view?pv_ano_lectivo=2025&amp;pv_origem=CUR&amp;pv_tipo_cur_sigla=UFC&amp;pv_curso_id=23761\" target=\"_blank\" data-caption-desc=\"2\u00aa edi\u00e7\u00e3o:&lt;\/br&gt;\nCalend\u00e1rio: 10.11 a 09.02.26&lt;\/br&gt;\nCandidatura: 08 a 28.10.2025&lt;\/br&gt;\n&lt;i&gt;Mais info...&lt;\/i&gt;\n#CONSTRUIROFUTURO\" data-attachment-id=\"3573\" class=\"foogallery-thumb fg-thumb\" data-type=\"iframe\"><span class=\"fg-image-wrap\"><img decoding=\"async\" class=\"bf-img skip-lazy fg-image\" height=\"180\" width=\"200\" data-src-fg=\"https:\/\/ser.letras.up.pt\/uec\/wp-content\/uploads\/2021\/12\/Dinamizacao.jpg\" src=\"data:image\/svg+xml,%3Csvg%20xmlns%3D%22http%3A%2F%2Fwww.w3.org%2F2000%2Fsvg%22%20width%3D%22200%22%20height%3D%22180%22%20viewBox%3D%220%200%20200%20180%22%3E%3C%2Fsvg%3E\" loading=\"eager\"><\/span><span class=\"fg-image-overlay\"><\/span><\/a><figcaption class=\"fg-caption\"><div class=\"fg-caption-inner\"><div class=\"fg-caption-desc\">2\u00aa edi\u00e7\u00e3o:<\/br>\nCalend\u00e1rio: 10.11 a 09.02.26<\/br>\nCandidatura: 08 a 28.10.2025<\/br>\n<i>Mais info&#8230;<\/i>\n#CONSTRUIROFUTURO<\/div><\/div><\/figcaption><\/figure><div class=\"fg-loader\"><\/div><\/div><div class=\"fg-item fg-type-iframe fg-idle\"><figure class=\"fg-item-inner\"><a href=\"https:\/\/sigarra.up.pt\/flup\/pt\/cur_geral.cur_view?pv_ano_lectivo=2025&amp;pv_origem=CUR&amp;pv_tipo_cur_sigla=UFC&amp;pv_curso_id=23761\" target=\"_blank\" data-caption-desc=\"2\u00aa edi\u00e7\u00e3o:&lt;\/br&gt;\nCalend\u00e1rio: 10.11 a 09.02.26&lt;\/br&gt;\nCandidatura: 08.10 a 03.11.25&lt;\/br&gt;\n&lt;i&gt;Mais info...&lt;\/i&gt;&lt;\/br&gt;\n#CONSTRUIROFUTURO\" data-attachment-id=\"3623\" class=\"foogallery-thumb fg-thumb\" data-type=\"iframe\"><span class=\"fg-image-wrap\"><img decoding=\"async\" class=\"bf-img skip-lazy fg-image\" height=\"180\" width=\"200\" data-src-fg=\"https:\/\/ser.letras.up.pt\/uec\/wp-content\/uploads\/2020\/11\/PRR_cartaz-4x5_DARIG_2a-edicao_nova-data-candidatura-1.jpg\" src=\"data:image\/svg+xml,%3Csvg%20xmlns%3D%22http%3A%2F%2Fwww.w3.org%2F2000%2Fsvg%22%20width%3D%22200%22%20height%3D%22180%22%20viewBox%3D%220%200%20200%20180%22%3E%3C%2Fsvg%3E\" loading=\"eager\"><\/span><span class=\"fg-image-overlay\"><\/span><\/a><figcaption class=\"fg-caption\"><div class=\"fg-caption-inner\"><div class=\"fg-caption-desc\">2\u00aa edi\u00e7\u00e3o:<\/br>\nCalend\u00e1rio: 10.11 a 09.02.26<\/br>\nCandidatura: 08.10 a 03.11.25<\/br>\n<i>Mais info&#8230;<\/i><\/br>\n#CONSTRUIROFUTURO<\/div><\/div><\/figcaption><\/figure><div class=\"fg-loader\"><\/div><\/div><div class=\"fg-item fg-type-iframe fg-idle\"><figure class=\"fg-item-inner\"><a href=\"https:\/\/sigarra.up.pt\/flup\/pt\/cur_geral.cur_view?pv_ano_lectivo=2025&amp;pv_origem=CUR&amp;pv_tipo_cur_sigla=UFC&amp;pv_curso_id=34321\" target=\"_blank\" data-caption-desc=\"Calend\u00e1rio: 26.09.25&lt;\/br&gt;\nCandidatura: 01.07 a 07.09.25&lt;\/br&gt;\n&lt;i&gt;Mais info...&lt;\/i&gt;&lt;\/br&gt;\n#CONSTRUIROFUTURO\" data-attachment-id=\"3577\" class=\"foogallery-thumb fg-thumb\" data-type=\"iframe\"><span class=\"fg-image-wrap\"><img decoding=\"async\" class=\"bf-img skip-lazy fg-image\" height=\"180\" width=\"200\" data-src-fg=\"https:\/\/ser.letras.up.pt\/uec\/wp-content\/uploads\/2021\/11\/Etica-e-IA.jpg\" src=\"data:image\/svg+xml,%3Csvg%20xmlns%3D%22http%3A%2F%2Fwww.w3.org%2F2000%2Fsvg%22%20width%3D%22200%22%20height%3D%22180%22%20viewBox%3D%220%200%20200%20180%22%3E%3C%2Fsvg%3E\" loading=\"eager\"><\/span><span class=\"fg-image-overlay\"><\/span><\/a><figcaption class=\"fg-caption\"><div class=\"fg-caption-inner\"><div class=\"fg-caption-desc\">Calend\u00e1rio: 26.09.25<\/br>\nCandidatura: 01.07 a 07.09.25<\/br>\n<i>Mais info&#8230;<\/i><\/br>\n#CONSTRUIROFUTURO<\/div><\/div><\/figcaption><\/figure><div class=\"fg-loader\"><\/div><\/div><div class=\"fg-item fg-type-iframe fg-idle\"><figure class=\"fg-item-inner\"><a href=\"https:\/\/sigarra.up.pt\/flup\/pt\/cur_geral.cur_view?pv_ano_lectivo=2025&amp;pv_origem=CUR&amp;pv_tipo_cur_sigla=UFC&amp;pv_curso_id=25821\" target=\"_blank\" data-caption-desc=\"Calend\u00e1rio: 14.10 a 21.01.26&lt;\/br&gt;\r\nCandidatura: 01.07 a 11.09.25&lt;\/br&gt;\r\n&lt;i&gt;Mais info...&lt;\/i&gt;&lt;\/br&gt;\r\n#CONSTRUIROFUTURO\" data-attachment-id=\"3576\" class=\"foogallery-thumb fg-thumb\" data-type=\"iframe\"><span class=\"fg-image-wrap\"><img decoding=\"async\" class=\"bf-img skip-lazy fg-image\" height=\"180\" width=\"200\" data-src-fg=\"https:\/\/ser.letras.up.pt\/uec\/wp-content\/uploads\/2020\/11\/Introd-Gestao-Emergencia.jpg\" src=\"data:image\/svg+xml,%3Csvg%20xmlns%3D%22http%3A%2F%2Fwww.w3.org%2F2000%2Fsvg%22%20width%3D%22200%22%20height%3D%22180%22%20viewBox%3D%220%200%20200%20180%22%3E%3C%2Fsvg%3E\" loading=\"eager\"><\/span><span class=\"fg-image-overlay\"><\/span><\/a><figcaption class=\"fg-caption\"><div class=\"fg-caption-inner\"><div class=\"fg-caption-desc\">Calend\u00e1rio: 14.10 a 21.01.26<\/br>\r\nCandidatura: 01.07 a 11.09.25<\/br>\r\n<i>Mais info&#8230;<\/i><\/br>\r\n#CONSTRUIROFUTURO<\/div><\/div><\/figcaption><\/figure><div class=\"fg-loader\"><\/div><\/div><div class=\"fg-item fg-type-iframe fg-idle\"><figure class=\"fg-item-inner\"><a href=\"https:\/\/sigarra.up.pt\/flup\/pt\/cur_geral.cur_view?pv_ano_lectivo=2025&amp;pv_origem=CUR&amp;pv_tipo_cur_sigla=UFC&amp;pv_curso_id=34301\" target=\"_blank\" data-caption-desc=\"Calend\u00e1rio: 26 a 28.01.26&lt;\/br&gt;\nCandidatura: 10.11 a 19.12.25&lt;\/br&gt;\n&lt;span style=&quot;background-color: #ffff00&quot;&gt;com bolsa&lt;\/span&gt;&lt;\/br&gt;\n&lt;i&gt;Mais info...&lt;\/i&gt;\n#CONSTRUIROFUTURO\" data-attachment-id=\"3624\" class=\"foogallery-thumb fg-thumb\" data-type=\"iframe\"><span class=\"fg-image-wrap\"><img decoding=\"async\" class=\"bf-img skip-lazy fg-image\" height=\"180\" width=\"200\" data-src-fg=\"https:\/\/ser.letras.up.pt\/uec\/wp-content\/uploads\/2025\/07\/Tecnicas-e-Tecnologias-Audiovisuais-para-Comunicar_1a-ed.jpg\" src=\"data:image\/svg+xml,%3Csvg%20xmlns%3D%22http%3A%2F%2Fwww.w3.org%2F2000%2Fsvg%22%20width%3D%22200%22%20height%3D%22180%22%20viewBox%3D%220%200%20200%20180%22%3E%3C%2Fsvg%3E\" loading=\"eager\"><\/span><span class=\"fg-image-overlay\"><\/span><\/a><figcaption class=\"fg-caption\"><div class=\"fg-caption-inner\"><div class=\"fg-caption-desc\">Calend\u00e1rio: 26 a 28.01.26<\/br>\nCandidatura: 10.11 a 19.12.25<\/br>\n<span style=\"background-color: #ffff00\">com bolsa<\/span><\/br>\n<i>Mais info&#8230;<\/i>\n#CONSTRUIROFUTURO<\/div><\/div><\/figcaption><\/figure><div class=\"fg-loader\"><\/div><\/div><div class=\"fg-item fg-type-iframe fg-idle\"><figure class=\"fg-item-inner\"><a href=\"https:\/\/sigarra.up.pt\/flup\/pt\/cur_geral.cur_view?pv_ano_lectivo=2025&amp;pv_origem=CUR&amp;pv_tipo_cur_sigla=UFC&amp;pv_curso_id=34001\" target=\"_blank\" data-caption-desc=\"Calend\u00e1rio: 23.01.26&lt;\/br&gt;\nCandidatura: 21.10 a 11.01.26&lt;\/br&gt;\n&lt;i&gt;Mais info...&lt;\/i&gt;&lt;\/br&gt;\n#CONSTRUIROFUTURO\" data-attachment-id=\"3620\" class=\"foogallery-thumb fg-thumb\" data-type=\"iframe\"><span class=\"fg-image-wrap\"><img decoding=\"async\" class=\"bf-img skip-lazy fg-image\" height=\"180\" width=\"200\" data-src-fg=\"https:\/\/ser.letras.up.pt\/uec\/wp-content\/uploads\/2020\/11\/PRR_cartaz-4x5_tratamento-avancado-I.jpg\" src=\"data:image\/svg+xml,%3Csvg%20xmlns%3D%22http%3A%2F%2Fwww.w3.org%2F2000%2Fsvg%22%20width%3D%22200%22%20height%3D%22180%22%20viewBox%3D%220%200%20200%20180%22%3E%3C%2Fsvg%3E\" loading=\"eager\"><\/span><span class=\"fg-image-overlay\"><\/span><\/a><figcaption class=\"fg-caption\"><div class=\"fg-caption-inner\"><div class=\"fg-caption-desc\">Calend\u00e1rio: 23.01.26<\/br>\nCandidatura: 21.10 a 11.01.26<\/br>\n<i>Mais info&#8230;<\/i><\/br>\n#CONSTRUIROFUTURO<\/div><\/div><\/figcaption><\/figure><div class=\"fg-loader\"><\/div><\/div><div class=\"fg-item fg-type-iframe fg-idle\"><figure class=\"fg-item-inner\"><a href=\"https:\/\/sigarra.up.pt\/flup\/pt\/cur_geral.cur_view?pv_ano_lectivo=2025&amp;pv_origem=CUR&amp;pv_tipo_cur_sigla=UFC&amp;pv_curso_id=33982\" target=\"_blank\" data-caption-desc=\"Calend\u00e1rio: 12.12.25&lt;\/br&gt;\nCandidatura: 14.10 a 30.11.25&lt;\/br&gt;\n&lt;i&gt;Mais info...&lt;\/i&gt;\n#CONSTRUIROFUTURO\" data-attachment-id=\"3631\" class=\"foogallery-thumb fg-thumb\" data-type=\"iframe\"><span class=\"fg-image-wrap\"><img decoding=\"async\" class=\"bf-img skip-lazy fg-image\" height=\"180\" width=\"200\" data-src-fg=\"https:\/\/ser.letras.up.pt\/uec\/wp-content\/uploads\/2020\/11\/PRR_cartaz-4x5_tratamento-intermedio-II_novo-prazo-candidatura.jpg\" src=\"data:image\/svg+xml,%3Csvg%20xmlns%3D%22http%3A%2F%2Fwww.w3.org%2F2000%2Fsvg%22%20width%3D%22200%22%20height%3D%22180%22%20viewBox%3D%220%200%20200%20180%22%3E%3C%2Fsvg%3E\" loading=\"eager\"><\/span><span class=\"fg-image-overlay\"><\/span><\/a><figcaption class=\"fg-caption\"><div class=\"fg-caption-inner\"><div class=\"fg-caption-desc\">Calend\u00e1rio: 12.12.25<\/br>\nCandidatura: 14.10 a 30.11.25<\/br>\n<i>Mais info&#8230;<\/i>\n#CONSTRUIROFUTURO<\/div><\/div><\/figcaption><\/figure><div class=\"fg-loader\"><\/div><\/div><div class=\"fg-item fg-type-iframe fg-idle\"><figure class=\"fg-item-inner\"><a href=\"https:\/\/sigarra.up.pt\/flup\/pt\/cur_geral.cur_view?pv_ano_lectivo=2025&amp;pv_origem=CUR&amp;pv_tipo_cur_sigla=UFC&amp;pv_curso_id=29282\" target=\"_blank\" data-caption-desc=\"Calend\u00e1rio: 29.10 a 17.06.26&lt;\/br&gt;\r\nCandidatura: 01.07 a 18.09.25&lt;\/br&gt;\r\n&lt;span style=&quot;background-color: #ffff00&quot;&gt;com bolsa&lt;\/span&gt;&lt;\/br&gt;\r\n&lt;i&gt;Mais info...&lt;\/i&gt;\r\n#CONSTRUIROFUTURO\" data-attachment-id=\"3581\" class=\"foogallery-thumb fg-thumb\" data-type=\"iframe\"><span class=\"fg-image-wrap\"><img decoding=\"async\" class=\"bf-img skip-lazy fg-image\" height=\"180\" width=\"200\" data-src-fg=\"https:\/\/ser.letras.up.pt\/uec\/wp-content\/uploads\/2025\/07\/Ucraniano.jpg\" src=\"data:image\/svg+xml,%3Csvg%20xmlns%3D%22http%3A%2F%2Fwww.w3.org%2F2000%2Fsvg%22%20width%3D%22200%22%20height%3D%22180%22%20viewBox%3D%220%200%20200%20180%22%3E%3C%2Fsvg%3E\" loading=\"eager\"><\/span><span class=\"fg-image-overlay\"><\/span><\/a><figcaption class=\"fg-caption\"><div class=\"fg-caption-inner\"><div class=\"fg-caption-desc\">Calend\u00e1rio: 29.10 a 17.06.26<\/br>\r\nCandidatura: 01.07 a 18.09.25<\/br>\r\n<span style=\"background-color: #ffff00\">com bolsa<\/span><\/br>\r\n<i>Mais info&#8230;<\/i>\r\n#CONSTRUIROFUTURO<\/div><\/div><\/figcaption><\/figure><div class=\"fg-loader\"><\/div><\/div><\/div>\n\n\n<div id=\"block-9157b19f-f8aa-4c73-96d5-4935206712d1\" class=\"wp-block-image\"><figure class=\"aligncenter size-large\"><img loading=\"lazy\" decoding=\"async\" width=\"1024\" height=\"148\" src=\"https:\/\/ser.letras.up.pt\/uec\/wp-content\/uploads\/2024\/06\/BARRA-3-1024x148.png\" alt=\"\" class=\"wp-image-3013\" srcset=\"https:\/\/ser.letras.up.pt\/uec\/wp-content\/uploads\/2024\/06\/BARRA-3-1024x148.png 1024w, https:\/\/ser.letras.up.pt\/uec\/wp-content\/uploads\/2024\/06\/BARRA-3-300x43.png 300w, https:\/\/ser.letras.up.pt\/uec\/wp-content\/uploads\/2024\/06\/BARRA-3-768x111.png 768w, https:\/\/ser.letras.up.pt\/uec\/wp-content\/uploads\/2024\/06\/BARRA-3-1536x222.png 1536w, https:\/\/ser.letras.up.pt\/uec\/wp-content\/uploads\/2024\/06\/BARRA-3-2048x296.png 2048w\" sizes=\"auto, (max-width: 1024px) 100vw, 1024px\" \/><\/figure><\/div>\n\n\n\n<p class=\"has-text-align-right has-green-color has-text-color\"><strong>#Construir o Futuro<\/strong><\/p>\n","protected":false},"excerpt":{"rendered":"<p>#Construir o Futuro<\/p>\n","protected":false},"author":10,"featured_media":0,"parent":0,"menu_order":0,"comment_status":"closed","ping_status":"closed","template":"","meta":{"footnotes":""},"class_list":["post-1802","page","type-page","status-publish","hentry"],"_links":{"self":[{"href":"https:\/\/ser.letras.up.pt\/uec\/wp-json\/wp\/v2\/pages\/1802","targetHints":{"allow":["GET"]}}],"collection":[{"href":"https:\/\/ser.letras.up.pt\/uec\/wp-json\/wp\/v2\/pages"}],"about":[{"href":"https:\/\/ser.letras.up.pt\/uec\/wp-json\/wp\/v2\/types\/page"}],"author":[{"embeddable":true,"href":"https:\/\/ser.letras.up.pt\/uec\/wp-json\/wp\/v2\/users\/10"}],"replies":[{"embeddable":true,"href":"https:\/\/ser.letras.up.pt\/uec\/wp-json\/wp\/v2\/comments?post=1802"}],"version-history":[{"count":19,"href":"https:\/\/ser.letras.up.pt\/uec\/wp-json\/wp\/v2\/pages\/1802\/revisions"}],"predecessor-version":[{"id":3427,"href":"https:\/\/ser.letras.up.pt\/uec\/wp-json\/wp\/v2\/pages\/1802\/revisions\/3427"}],"wp:attachment":[{"href":"https:\/\/ser.letras.up.pt\/uec\/wp-json\/wp\/v2\/media?parent=1802"}],"curies":[{"name":"wp","href":"https:\/\/api.w.org\/{rel}","templated":true}]}}