{"id":525,"date":"2021-10-10T22:32:12","date_gmt":"2021-10-10T22:32:12","guid":{"rendered":"https:\/\/ser.letras.up.pt\/sustentabilidade\/?page_id=525"},"modified":"2021-10-10T22:34:37","modified_gmt":"2021-10-10T22:34:37","slug":"ods12","status":"publish","type":"page","link":"https:\/\/ser.letras.up.pt\/sustentabilidade\/ods2030\/ods12\/","title":{"rendered":"ODS12 &#8211; Garantir padr\u00f5es de consumo e de produ\u00e7\u00e3o sustent\u00e1veis"},"content":{"rendered":"\n<ul class=\"wp-block-list\"><li>Implementar o Plano Decenal de Programas sobre Produ\u00e7\u00e3o e Consumo Sustent\u00e1veis, com todos os pa\u00edses a tomar medidas, e os pa\u00edses desenvolvidos assumindo a lideran\u00e7a, tendo em conta o desenvolvimento e as capacidades dos pa\u00edses em desenvolvimento.<\/li><\/ul>\n\n\n\n<ul class=\"wp-block-list\"><li>At\u00e9 2030, alcan\u00e7ar a gest\u00e3o sustent\u00e1vel e o uso eficiente dos recursos naturais.<\/li><\/ul>\n\n\n\n<ul class=\"wp-block-list\"><li>At\u00e9 2030, reduzir para metade o desperd\u00edcio de alimentos per capita a n\u00edvel mundial, de retalho e do consumidor, e reduzir os desperd\u00edcios de alimentos ao longo das cadeias de produ\u00e7\u00e3o e abastecimento, incluindo os que ocorrem p\u00f3s-colheita.<\/li><\/ul>\n\n\n\n<ul class=\"wp-block-list\"><li>At\u00e9 2020, alcan\u00e7ar a gest\u00e3o o ambientalmente saud\u00e1vel dos produtos qu\u00edmicos e todos os res\u00edduos, ao longo de todo o ciclo de vida destes, de acordo com os marcos internacionais acordados, e reduzir significativamente a liberta\u00e7\u00e3o destes para o ar, \u00e1gua e solo, para minimizar seus impactos negativos sobre a sa\u00fade humana e o meio ambiente.<\/li><\/ul>\n\n\n\n<ul class=\"wp-block-list\"><li>At\u00e9 2030, reduzir substancialmente a gera\u00e7\u00e3o de res\u00edduos por meio da preven\u00e7\u00e3o, redu\u00e7\u00e3o, reciclagem e reutiliza\u00e7\u00e3o.<\/li><\/ul>\n\n\n\n<ul class=\"wp-block-list\"><li>Incentivar as empresas, especialmente as de grande dimens\u00e3o e transnacionais, a adotar pr\u00e1ticas sustent\u00e1veis e a integrar informa\u00e7\u00e3o sobre sustentabilidade nos relat\u00f3rios de atividade.<\/li><\/ul>\n\n\n\n<ul class=\"wp-block-list\"><li>Promover pr\u00e1ticas de compras p\u00fablicas sustent\u00e1veis, de acordo com as pol\u00edticas e prioridades nacionais.<\/li><\/ul>\n\n\n\n<ul class=\"wp-block-list\"><li>At\u00e9 2030, garantir que as pessoas, em todos os lugares, tenham informa\u00e7\u00e3o relevante e consciencializa\u00e7\u00e3o para o desenvolvimento sustent\u00e1vel e estilos de vida em harmonia com a natureza.<\/li><\/ul>\n\n\n\n<ul class=\"wp-block-list\"><li>Apoiar pa\u00edses em desenvolvimento a fortalecer as suas capacidades cient\u00edficas e tecnol\u00f3gicas para mudarem para padr\u00f5es mais sustent\u00e1veis de produ\u00e7\u00e3o e consumo.<\/li><\/ul>\n\n\n\n<ul class=\"wp-block-list\"><li>Desenvolver e implementar ferramentas para monitorizar os impactos do desenvolvimento sustent\u00e1vel para o turismo sustent\u00e1vel, que gera empregos, promove a cultura e os produtos locais.<\/li><\/ul>\n\n\n\n<ul class=\"wp-block-list\"><li><strong> <\/strong>Racionalizar subs\u00eddios ineficientes nos combust\u00edveis f\u00f3sseis, que encorajam o consumo exagerado, eliminando as distor\u00e7\u00f5es de mercado, de acordo com as circunst\u00e2ncias nacionais, inclusive atrav\u00e9s da reestrutura\u00e7\u00e3o fiscal e da elimina\u00e7\u00e3o gradual desses subs\u00eddios prejudiciais, caso existam, para refletir os seus impactos ambientais, tendo plenamente em conta as necessidades espec\u00edficas e condi\u00e7\u00f5es dos pa\u00edses em desenvolvimento e minimizando os poss\u00edveis impactos adversos sobre o seu desenvolvimento de uma forma que proteja os pobres e as comunidades afetadas.<\/li><\/ul>\n\n\n\n<figure class=\"wp-block-image size-large\"><img loading=\"lazy\" decoding=\"async\" width=\"791\" height=\"1024\" src=\"https:\/\/ser.letras.up.pt\/sustentabilidade\/wp-content\/uploads\/2021\/10\/E_infographics_12_page-0001-791x1024.jpg\" alt=\"\" class=\"wp-image-529\" srcset=\"https:\/\/ser.letras.up.pt\/sustentabilidade\/wp-content\/uploads\/2021\/10\/E_infographics_12_page-0001-791x1024.jpg 791w, https:\/\/ser.letras.up.pt\/sustentabilidade\/wp-content\/uploads\/2021\/10\/E_infographics_12_page-0001-232x300.jpg 232w, https:\/\/ser.letras.up.pt\/sustentabilidade\/wp-content\/uploads\/2021\/10\/E_infographics_12_page-0001-768x994.jpg 768w, https:\/\/ser.letras.up.pt\/sustentabilidade\/wp-content\/uploads\/2021\/10\/E_infographics_12_page-0001-1187x1536.jpg 1187w, https:\/\/ser.letras.up.pt\/sustentabilidade\/wp-content\/uploads\/2021\/10\/E_infographics_12_page-0001.jpg 1275w\" sizes=\"auto, (max-width: 791px) 100vw, 791px\" \/><\/figure>\n","protected":false},"excerpt":{"rendered":"<p>Implementar o Plano Decenal de Programas sobre Produ\u00e7\u00e3o e Consumo Sustent\u00e1veis, com todos os pa\u00edses a tomar medidas, e os pa\u00edses desenvolvidos assumindo a lideran\u00e7a, tendo em conta o desenvolvimento&#8230;<\/p>\n","protected":false},"author":5,"featured_media":526,"parent":126,"menu_order":12,"comment_status":"open","ping_status":"closed","template":"","meta":{"footnotes":""},"class_list":["post-525","page","type-page","status-publish","has-post-thumbnail","hentry"],"jetpack_sharing_enabled":true,"jetpack_likes_enabled":true,"jetpack-related-posts":[],"_links":{"self":[{"href":"https:\/\/ser.letras.up.pt\/sustentabilidade\/wp-json\/wp\/v2\/pages\/525","targetHints":{"allow":["GET"]}}],"collection":[{"href":"https:\/\/ser.letras.up.pt\/sustentabilidade\/wp-json\/wp\/v2\/pages"}],"about":[{"href":"https:\/\/ser.letras.up.pt\/sustentabilidade\/wp-json\/wp\/v2\/types\/page"}],"author":[{"embeddable":true,"href":"https:\/\/ser.letras.up.pt\/sustentabilidade\/wp-json\/wp\/v2\/users\/5"}],"replies":[{"embeddable":true,"href":"https:\/\/ser.letras.up.pt\/sustentabilidade\/wp-json\/wp\/v2\/comments?post=525"}],"version-history":[{"count":2,"href":"https:\/\/ser.letras.up.pt\/sustentabilidade\/wp-json\/wp\/v2\/pages\/525\/revisions"}],"predecessor-version":[{"id":531,"href":"https:\/\/ser.letras.up.pt\/sustentabilidade\/wp-json\/wp\/v2\/pages\/525\/revisions\/531"}],"up":[{"embeddable":true,"href":"https:\/\/ser.letras.up.pt\/sustentabilidade\/wp-json\/wp\/v2\/pages\/126"}],"wp:featuredmedia":[{"embeddable":true,"href":"https:\/\/ser.letras.up.pt\/sustentabilidade\/wp-json\/wp\/v2\/media\/526"}],"wp:attachment":[{"href":"https:\/\/ser.letras.up.pt\/sustentabilidade\/wp-json\/wp\/v2\/media?parent=525"}],"curies":[{"name":"wp","href":"https:\/\/api.w.org\/{rel}","templated":true}]}}