{"id":182,"date":"2021-08-11T15:27:04","date_gmt":"2021-08-11T15:27:04","guid":{"rendered":"https:\/\/ser.letras.up.pt\/sustentabilidade\/?page_id=182"},"modified":"2022-05-26T10:53:40","modified_gmt":"2022-05-26T10:53:40","slug":"ods7","status":"publish","type":"page","link":"https:\/\/ser.letras.up.pt\/sustentabilidade\/ods2030\/ods7\/","title":{"rendered":"ODS7 &#8211; Garantir o acesso a fontes de energia fi\u00e1veis, sustent\u00e1veis e modernas para todos"},"content":{"rendered":"\n<p>\u2022 Assegurar o acesso universal, de confian\u00e7a, moderno e a pre\u00e7os acess\u00edveis a servi\u00e7os de energia<br>\u2022 Aumentar substancialmente a participa\u00e7\u00e3o de energias renov\u00e1veis na matriz energ\u00e9tica global<br>\u2022 Duplicar a taxa global de melhoria da efici\u00eancia energ\u00e9tica<br>\u2022 Refor\u00e7ar a coopera\u00e7\u00e3o internacional para facilitar o acesso \u00e0 investiga\u00e7\u00e3o e tecnologias de energia limpa, incluindo energias renov\u00e1veis, efici\u00eancia energ\u00e9tica e tecnologias de combust\u00edveis f\u00f3sseis avan\u00e7adas e mais limpas, e promover o investimento em infraestrutura de energia e em tecnologias de energia limpa<br>\u2022 Expandir a infraestrutura e modernizar a tecnologia para o fornecimento de servi\u00e7os de energia modernos e sustent\u00e1veis para todos nos pa\u00edses em desenvolvimento, particularmente nos pa\u00edses menos desenvolvidos, nos pequenos Estados insulares em desenvolvimento e nos pa\u00edses em desenvolvimento sem litoral, de acordo com seus respetivos programas de apoio<\/p>\n\n\n\n<figure class=\"wp-block-image size-large\"><img loading=\"lazy\" decoding=\"async\" width=\"791\" height=\"1024\" src=\"https:\/\/ser.letras.up.pt\/sustentabilidade\/wp-content\/uploads\/2021\/09\/E_infographics_07_page-0001-791x1024.jpg\" alt=\"\" class=\"wp-image-414\" srcset=\"https:\/\/ser.letras.up.pt\/sustentabilidade\/wp-content\/uploads\/2021\/09\/E_infographics_07_page-0001-791x1024.jpg 791w, https:\/\/ser.letras.up.pt\/sustentabilidade\/wp-content\/uploads\/2021\/09\/E_infographics_07_page-0001-232x300.jpg 232w, https:\/\/ser.letras.up.pt\/sustentabilidade\/wp-content\/uploads\/2021\/09\/E_infographics_07_page-0001-768x994.jpg 768w, https:\/\/ser.letras.up.pt\/sustentabilidade\/wp-content\/uploads\/2021\/09\/E_infographics_07_page-0001-1187x1536.jpg 1187w, https:\/\/ser.letras.up.pt\/sustentabilidade\/wp-content\/uploads\/2021\/09\/E_infographics_07_page-0001.jpg 1275w\" sizes=\"auto, (max-width: 791px) 100vw, 791px\" \/><\/figure>\n\n\n\n<div style=\"height:30px\" aria-hidden=\"true\" class=\"wp-block-spacer\"><\/div>\n\n\n\n<hr class=\"wp-block-separator is-style-dots\" \/>\n\n\n\n<div style=\"height:31px\" aria-hidden=\"true\" class=\"wp-block-spacer\"><\/div>\n\n\n\n<div class=\"wp-block-cover has-background-dim\" style=\"background-image:url(https:\/\/ser.letras.up.pt\/sustentabilidade\/wp-content\/uploads\/2020\/02\/carro.jpg);background-position:64% 82%\"><div class=\"wp-block-cover__inner-container is-layout-flow wp-block-cover-is-layout-flow\">\n<p class=\"has-text-align-center has-white-color has-text-color has-large-font-size\"><span class=\"has-inline-color has-white-color\"><a href=\"https:\/\/ser.letras.up.pt\/sustentabilidade\/posto-de-carregamento-carros-eletricos\/\" target=\"_blank\" rel=\"noreferrer noopener\">A\u00c7\u00c3O FLUP: <\/a><\/span><\/p>\n\n\n\n<p class=\"has-text-align-center has-white-color has-text-color has-large-font-size\"><span class=\"has-inline-color has-white-color\"><a href=\"https:\/\/ser.letras.up.pt\/sustentabilidade\/posto-de-carregamento-carros-eletricos\/\" target=\"_blank\" rel=\"noreferrer noopener\">Postos de carregamento para carros el\u00e9tricos<\/a><\/span><\/p>\n<\/div><\/div>\n\n\n\n<div class=\"wp-block-cover has-background-dim\" style=\"background-image:url(https:\/\/ser.letras.up.pt\/sustentabilidade\/wp-content\/uploads\/2020\/02\/paineis.jpg)\"><div class=\"wp-block-cover__inner-container is-layout-flow wp-block-cover-is-layout-flow\">\n<p class=\"has-text-align-center has-white-color has-text-color has-large-font-size\"><span class=\"has-inline-color has-white-color\"><a href=\"https:\/\/ser.letras.up.pt\/sustentabilidade\/conclusao-da-instalacao-dos-paineis-solares-na-flup\/\" target=\"_blank\" rel=\"noreferrer noopener\">A\u00c7\u00c3O FLUP: <\/a><\/span><\/p>\n\n\n\n<p class=\"has-text-align-center has-white-color has-text-color has-large-font-size\"><a href=\"https:\/\/ser.letras.up.pt\/sustentabilidade\/conclusao-da-instalacao-dos-paineis-solares-na-flup\/\" target=\"_blank\" rel=\"noreferrer noopener\"><span class=\"has-inline-color has-white-color\">Instala\u00e7\u00e3o de pain\u00e9is solares<\/span><\/a><\/p>\n<\/div><\/div>\n","protected":false},"excerpt":{"rendered":"<p>\u2022 Assegurar o acesso universal, de confian\u00e7a, moderno e a pre\u00e7os acess\u00edveis a servi\u00e7os de energia\u2022 Aumentar substancialmente a participa\u00e7\u00e3o de energias renov\u00e1veis na matriz energ\u00e9tica global\u2022 Duplicar a taxa&#8230;<\/p>\n","protected":false},"author":5,"featured_media":183,"parent":126,"menu_order":7,"comment_status":"open","ping_status":"closed","template":"","meta":{"footnotes":""},"class_list":["post-182","page","type-page","status-publish","has-post-thumbnail","hentry"],"jetpack_sharing_enabled":true,"jetpack_likes_enabled":true,"jetpack-related-posts":[],"_links":{"self":[{"href":"https:\/\/ser.letras.up.pt\/sustentabilidade\/wp-json\/wp\/v2\/pages\/182","targetHints":{"allow":["GET"]}}],"collection":[{"href":"https:\/\/ser.letras.up.pt\/sustentabilidade\/wp-json\/wp\/v2\/pages"}],"about":[{"href":"https:\/\/ser.letras.up.pt\/sustentabilidade\/wp-json\/wp\/v2\/types\/page"}],"author":[{"embeddable":true,"href":"https:\/\/ser.letras.up.pt\/sustentabilidade\/wp-json\/wp\/v2\/users\/5"}],"replies":[{"embeddable":true,"href":"https:\/\/ser.letras.up.pt\/sustentabilidade\/wp-json\/wp\/v2\/comments?post=182"}],"version-history":[{"count":36,"href":"https:\/\/ser.letras.up.pt\/sustentabilidade\/wp-json\/wp\/v2\/pages\/182\/revisions"}],"predecessor-version":[{"id":603,"href":"https:\/\/ser.letras.up.pt\/sustentabilidade\/wp-json\/wp\/v2\/pages\/182\/revisions\/603"}],"up":[{"embeddable":true,"href":"https:\/\/ser.letras.up.pt\/sustentabilidade\/wp-json\/wp\/v2\/pages\/126"}],"wp:featuredmedia":[{"embeddable":true,"href":"https:\/\/ser.letras.up.pt\/sustentabilidade\/wp-json\/wp\/v2\/media\/183"}],"wp:attachment":[{"href":"https:\/\/ser.letras.up.pt\/sustentabilidade\/wp-json\/wp\/v2\/media?parent=182"}],"curies":[{"name":"wp","href":"https:\/\/api.w.org\/{rel}","templated":true}]}}