{"id":330,"date":"2024-05-15T15:03:38","date_gmt":"2024-05-15T15:03:38","guid":{"rendered":"https:\/\/ser.letras.up.pt\/sga\/?page_id=330"},"modified":"2025-10-23T08:56:15","modified_gmt":"2025-10-23T08:56:15","slug":"dissertacao-projeto-relatorio-de-estagio-de-mestrado","status":"publish","type":"page","link":"https:\/\/ser.letras.up.pt\/sga\/dissertacao-projeto-relatorio-de-estagio-de-mestrado\/","title":{"rendered":"Disserta\u00e7\u00e3o\/Projeto\/Relat\u00f3rio de Est\u00e1gio de Mestrado"},"content":{"rendered":"\n<p class=\"has-text-color\" style=\"color:#808080\">O ciclo de estudos conducente ao grau de Mestre tem, habitualmente,  a dura\u00e7\u00e3o de 2 anos letivos. O 1\u00ba ano integra a realiza\u00e7\u00e3o de unidades curriculares e o 2\u00ba ano a elabora\u00e7\u00e3o de uma disserta\u00e7\u00e3o\/est\u00e1gio.<br><br><\/p>\n\n\n\n<h2 class=\"wp-block-heading has-text-color\" style=\"color:#003ed1\">Nomea\u00e7\u00e3o do Orientador e Tema da Disserta\u00e7\u00e3o:<\/h2>\n\n\n\n<p class=\"has-text-color\" style=\"color:#808080\"><strong>Os estudantes que se inscrevem no 2\u00ba ano,<\/strong>&nbsp;devem apresentar durante os meses de setembro \/ outubro:<\/p>\n\n\n\n<ul style=\"color:#808080\" class=\"wp-block-list has-text-color\">\n<li>O tema da disserta\u00e7\u00e3o e o nome do orientador, em&nbsp;<a href=\"https:\/\/sigarra.up.pt\/flup\/pt\/web_base.gera_pagina?p_pagina=formularios#GestaoAcademica\" target=\"_blank\" rel=\"noreferrer noopener\"><span style=\"text-decoration: underline\"><strong>formul\u00e1rio pr\u00f3prio<\/strong><\/span><\/a>&nbsp;(<strong>Orienta\u00e7\u00e3o de Mestrado &#8211; Ficha individual do estudante<\/strong>) ou (<strong>Orienta\u00e7\u00e3o de Mestrado em Ensino<\/strong>&nbsp;<strong>&#8211; Ficha individual do estudante<\/strong>) que dever\u00e1 ser&nbsp;assinado pelo orientador e enviado para o diretor do respetivo ciclo de estudos.<\/li>\n<\/ul>\n\n\n\n<p class=\"has-text-color\" style=\"color:#808080\"><strong>Consulte: <\/strong><a href=\"https:\/\/sigarra.up.pt\/flup\/pt\/LEGISLACAO_GERAL.ver_legislacao?p_nr=844\" target=\"_blank\" rel=\"noreferrer noopener\"><span style=\"text-decoration: underline\"><strong>Regulamento<\/strong><\/span><\/a>&nbsp;geral dos segundos ciclos de estudos da Universidade do Porto, de 22 de outubro de 2018.<br><br><br><\/p>\n\n\n\n<h2 class=\"wp-block-heading has-text-color\" style=\"color:#003ed1\">Admiss\u00e3o a provas de Mestrado Ano letivo de 2024\/25<\/h2>\n\n\n\n<h3 class=\"wp-block-heading has-text-color\" style=\"color:#1b8be0\"><br>Regras para entrega do pedido de admiss\u00e3o a provas:<\/h3>\n\n\n\n<ol style=\"color:#808080\" class=\"wp-block-list has-text-color\">\n<li>O estudante deve ter aprova\u00e7\u00e3o em todas as unidades do ciclo de estudo, com exce\u00e7\u00e3o da unidade curricular de Disserta\u00e7\u00e3o\/Relat\u00f3rio de Est\u00e1gio\/Trabalho de Projeto\/Inicia\u00e7\u00e3o \u00e0 Pr\u00e1tica Profissional;<\/li>\n\n\n\n<li>Propinas regularizadas;<\/li>\n\n\n\n<li>Dever\u00e1 submeter no sistema de informa\u00e7\u00e3o a vers\u00e3o final do trabalho, o pedido para<strong>\u00a0<a href=\"https:\/\/ser.letras.up.pt\/sga\/wp-content\/uploads\/2024\/05\/Admissao_a_Provas_de_Mestrado.doc\"><span style=\"text-decoration: underline\">admiss\u00e3o a provas de mestrado<\/span><\/a>\u00a0<\/strong>assinado pelo orientador, o curriculum vitae e a<strong>\u00a0<a href=\"https:\/\/sigarra.up.pt\/flup\/pt\/conteudos_geral.ver?pct_pag_id=1010788&amp;pct_parametros=?&amp;pct_grupo=46228&amp;pct_grupo=41161#41161\" target=\"_blank\" rel=\"noreferrer noopener\"><span style=\"text-decoration: underline\">declara\u00e7\u00e3o para divulga\u00e7\u00e3o*<\/span><\/a><\/strong> em &#8220;percurso acad\u00e9mico &#8211; op\u00e7\u00e3o<strong> <\/strong>&#8220;Projetos\/Disserta\u00e7\u00f5es\/Teses&#8221;. N\u00e3o s\u00e3o permitidas quaisquer altera\u00e7\u00f5es ap\u00f3s o upload<strong>.<\/strong><\/li>\n<\/ol>\n\n\n\n<p class=\"has-text-color\" style=\"color:#808080\">Para aceder ao processo de projecto\/disserta\u00e7\u00e3o\/tese consulte o&nbsp;<a rel=\"noreferrer noopener\" href=\"https:\/\/sigarra.up.pt\/flup\/pt\/web_gessi_docs.download_file?p_name=F-1649575852\/Manual_Projetos_Dissertacoes_Teses_Estudantes-3.pdf\" target=\"_blank\"><span style=\"text-decoration: underline\">Manual<\/span><\/a>.<\/p>\n\n\n\n<p class=\"has-text-color\" style=\"color:#808080\">*<em>Requer autentica\u00e7\u00e3o da p\u00e1gina oficial da <\/em><a href=\"https:\/\/sigarra.up.pt\/flup\/pt\/web_page.Inicial\" target=\"_blank\" rel=\"noreferrer noopener\"><span style=\"text-decoration: underline\"><strong>FLUP<\/strong><\/span><\/a><em>.<\/em><\/p>\n\n\n\n<p class=\"has-text-color\" style=\"color:#808080\"><strong>Consulte os seguintes&nbsp;<a rel=\"noreferrer noopener\" href=\"https:\/\/sigarra.up.pt\/flup\/pt\/conteudos_geral.ver?pct_pag_id=1010788&amp;pct_parametros=?&amp;pct_grupo=46228&amp;pct_grupo=41161#41161\" target=\"_blank\"><span style=\"text-decoration: underline\">documentos*<\/span>:<\/a><\/strong><\/p>\n\n\n\n<ul style=\"color:#808080\" class=\"wp-block-list has-text-color\">\n<li>Template dispon\u00edvel no Sigarra (depois de autenticado no sistema de informa\u00e7\u00e3o);<\/li>\n\n\n\n<li>Manual para submiss\u00e3o do trabalho final no m\u00f3dulo &#8220;Projetos, Disserta\u00e7\u00f5es e Teses&#8221;.<br><br><\/li>\n<\/ul>\n\n\n\n<h3 class=\"wp-block-heading has-text-color\" style=\"color:#1b8be0\">Prazos para entrega da Disserta\u00e7\u00e3o\/Projeto (2\u00ba Ciclo com 120 Ects):<\/h3>\n\n\n\n<ul style=\"color:#808080\" class=\"wp-block-list has-text-color\">\n<li>\u00c9poca Normal &#8211; at\u00e9 31 de maio;<\/li>\n\n\n\n<li>\u00c9poca de Recurso &#8211; at\u00e9 31 de julho;<\/li>\n\n\n\n<li>\u00c9poca Especial de Conclus\u00e3o &#8211; a inscri\u00e7\u00e3o realiza-se de 01 a 29 de julho de 2025 com o pagamento de 12 euros, conforme a tabela de emolumentos da U.P. &#8211; Prazo de entrega do trabalho final &#8211; <strong>de 01 a 30 de setembro de 2025<\/strong>.<\/li>\n<\/ul>\n\n\n\n<hr class=\"wp-block-separator has-text-color has-css-opacity has-background is-style-default\" style=\"background-color:#003ed1;color:#003ed1\"\/>\n\n\n\n<h3 class=\"wp-block-heading has-text-color\" style=\"color:#1b8be0\">Prazo do pedido e entrega da Disserta\u00e7\u00e3o\/Projeto (2\u00ba ciclo com 90 Ects):<\/h3>\n\n\n\n<p class=\"has-text-color\" style=\"color:#808080;font-size:17px\"><strong>&nbsp;&nbsp;&nbsp;&nbsp;&nbsp;&nbsp;&nbsp;&nbsp;&nbsp;&nbsp;&nbsp;&nbsp;&nbsp;&nbsp;&nbsp;&nbsp;&nbsp;&nbsp;&nbsp;&nbsp;&nbsp;&nbsp;&nbsp;&nbsp;&nbsp;&nbsp;&nbsp;&nbsp;&nbsp;&nbsp;&nbsp;&nbsp;&nbsp;&nbsp;&nbsp;&nbsp;&nbsp;&nbsp;&nbsp;&nbsp;&nbsp;&nbsp;&nbsp;&nbsp;&nbsp;&nbsp;&nbsp;&nbsp;&nbsp;&nbsp;&nbsp;&nbsp;&nbsp;&nbsp;&nbsp;&nbsp;&nbsp;&nbsp;<\/strong><br><strong>2\u00ba ciclo &#8211; MEBI (Mestrado em Ensino de Ingl\u00eas no 1\u00ba Ciclo do Ensino B\u00e1sico)<\/strong><\/p>\n\n\n\n<p class=\"has-text-color\" style=\"color:#808080\"><strong>2\u00ba ciclo &#8211; MFPE (Mestrado em Filosofia Pol\u00edtica e Economia)<\/strong><\/p>\n\n\n\n<ul style=\"color:#808080\" class=\"wp-block-list has-text-color\">\n<li>\u00c9poca Normal &#8211; at\u00e9 28 de fevereiro de 2025;<\/li>\n\n\n\n<li>\u00c9poca Recurso &#8211; at\u00e9 30 de mar\u00e7o;<\/li>\n\n\n\n<li>\u00c9poca Especial &#8211; a inscri\u00e7\u00e3o realiza-se de <strong>06 a 31 de mar\u00e7o de 2025<\/strong>&nbsp;com o pagamento de 12 euros, conforme a tabela de emolumentos da U.P. &#8211; Prazo de entrega do trabalho final &#8211; <strong>at\u00e9 30 de abril de 2025.<\/strong><\/li>\n<\/ul>\n\n\n\n<hr class=\"wp-block-separator has-css-opacity\"\/>\n\n\n\n<p><\/p>\n","protected":false},"excerpt":{"rendered":"<p>O ciclo de estudos conducente ao grau de Mestre tem, habitualmente, a dura\u00e7\u00e3o de 2 anos letivos. O 1\u00ba ano integra a realiza\u00e7\u00e3o de unidades curriculares e o 2\u00ba ano a elabora\u00e7\u00e3o de uma disserta\u00e7\u00e3o\/est\u00e1gio. Nomea\u00e7\u00e3o do Orientador e Tema da Disserta\u00e7\u00e3o: Os estudantes que se inscrevem no 2\u00ba ano,&nbsp;devem apresentar durante os meses de [&hellip;]<\/p>\n","protected":false},"author":10,"featured_media":0,"parent":0,"menu_order":0,"comment_status":"closed","ping_status":"closed","template":"","meta":{"footnotes":""},"class_list":["post-330","page","type-page","status-publish","hentry"],"_links":{"self":[{"href":"https:\/\/ser.letras.up.pt\/sga\/wp-json\/wp\/v2\/pages\/330","targetHints":{"allow":["GET"]}}],"collection":[{"href":"https:\/\/ser.letras.up.pt\/sga\/wp-json\/wp\/v2\/pages"}],"about":[{"href":"https:\/\/ser.letras.up.pt\/sga\/wp-json\/wp\/v2\/types\/page"}],"author":[{"embeddable":true,"href":"https:\/\/ser.letras.up.pt\/sga\/wp-json\/wp\/v2\/users\/10"}],"replies":[{"embeddable":true,"href":"https:\/\/ser.letras.up.pt\/sga\/wp-json\/wp\/v2\/comments?post=330"}],"version-history":[{"count":18,"href":"https:\/\/ser.letras.up.pt\/sga\/wp-json\/wp\/v2\/pages\/330\/revisions"}],"predecessor-version":[{"id":1778,"href":"https:\/\/ser.letras.up.pt\/sga\/wp-json\/wp\/v2\/pages\/330\/revisions\/1778"}],"wp:attachment":[{"href":"https:\/\/ser.letras.up.pt\/sga\/wp-json\/wp\/v2\/media?parent=330"}],"curies":[{"name":"wp","href":"https:\/\/api.w.org\/{rel}","templated":true}]}}