{"id":30,"date":"2024-05-03T15:42:57","date_gmt":"2024-05-03T15:42:57","guid":{"rendered":"https:\/\/ser.letras.up.pt\/sga\/?page_id=30"},"modified":"2025-07-07T11:53:30","modified_gmt":"2025-07-07T11:53:30","slug":"noticias-atos-academicos","status":"publish","type":"page","link":"https:\/\/ser.letras.up.pt\/sga\/noticias-atos-academicos\/","title":{"rendered":"Sobre n\u00f3s"},"content":{"rendered":"\n<p><br><\/p>\n\n\n\n<div class=\"wp-block-group\"><div class=\"wp-block-group__inner-container is-layout-flow wp-block-group-is-layout-flow\">\n<p class=\"has-text-color\" style=\"color:#808080\">O Servi\u00e7o de Gest\u00e3o Acad\u00e9mica desenvolve a sua atividade nas \u00e1reas da administra\u00e7\u00e3o, da gest\u00e3o e do apoio \u00e0 forma\u00e7\u00e3o de 1.\u00ba, 2.\u00ba e 3.\u00ba ciclos e \u00e0 Educa\u00e7\u00e3o Cont\u00ednua, bem como na organiza\u00e7\u00e3o dos processos administrativos de forma\u00e7\u00e3o avan\u00e7ada, incluindo provas para obten\u00e7\u00e3o de t\u00edtulo de agregado. O Servi\u00e7o \u00e9 constitu\u00eddo por duas unidades \u2013 a Unidade de Forma\u00e7\u00e3o Graduada e a Unidade de Educa\u00e7\u00e3o Cont\u00ednua \u2013 concebidas em fun\u00e7\u00e3o da natureza dos processos acad\u00e9micos que apoiam e organizam.<br><br><\/p>\n<\/div><\/div>\n\n\n\n<figure class=\"wp-block-embed aligncenter is-type-video is-provider-youtube wp-block-embed-youtube wp-embed-aspect-16-9 wp-has-aspect-ratio\"><div class=\"wp-block-embed__wrapper\">\n<iframe loading=\"lazy\" title=\"Servi\u00e7o de Gest\u00e3o Acad\u00e9mica da FLUP\" width=\"640\" height=\"360\" src=\"https:\/\/www.youtube.com\/embed\/tm-jJDSR75c?feature=oembed\" frameborder=\"0\" allow=\"accelerometer; autoplay; clipboard-write; encrypted-media; gyroscope; picture-in-picture; web-share\" referrerpolicy=\"strict-origin-when-cross-origin\" allowfullscreen><\/iframe>\n<\/div><\/figure>\n\n\n\n<div class=\"wp-block-group\"><div class=\"wp-block-group__inner-container is-layout-flow wp-block-group-is-layout-flow\">\n<h2 class=\"wp-block-heading has-text-color\" style=\"color:#003ed1\"><br>O que fazemos<\/h2>\n<\/div><\/div>\n\n\n\n<p class=\"has-text-color\" style=\"color:#808080\">A&nbsp;<strong>Unidade de Forma\u00e7\u00e3o Graduada&nbsp;<\/strong>(SGA) tem as seguintes atribui\u00e7\u00f5es:<\/p>\n\n\n\n<p class=\"has-text-color\" style=\"color:#808080\">&#8211; Prestar informa\u00e7\u00f5es sobre as condi\u00e7\u00f5es de ingresso e de frequ\u00eancia nos ciclos de estudos;<\/p>\n\n\n\n<p class=\"has-text-color\" style=\"color:#808080\">&#8211; Elaborar avisos e editais e executar todo o servi\u00e7o respeitante a candidaturas, matr\u00edculas, inscri\u00e7\u00f5es, frequ\u00eancia, reingressos, mudan\u00e7as de par institui\u00e7\u00e3o\/curso, concursos especiais e aos diversos atos acad\u00e9micos, mantendo o sistema de informa\u00e7\u00e3o (SIGARRA) permanentemente atualizado;<\/p>\n\n\n\n<p class=\"has-text-color\" style=\"color:#808080\">&#8211; Proceder ao registo, em suporte inform\u00e1tico, de todos os atos respeitantes \u00e0 vida escolar dos estudantes, organizando e mantendo atualizado o arquivo dos respetivos processos individuais;<\/p>\n\n\n\n<p class=\"has-text-color\" style=\"color:#808080\">&#8211; Emitir certid\u00f5es de matr\u00edcula, inscri\u00e7\u00e3o, frequ\u00eancia, conclus\u00e3o de curso\/ciclo de estudos e outras que n\u00e3o sejam de natureza reservada;<\/p>\n\n\n\n<p class=\"has-text-color\" style=\"color:#808080\">&#8211; Organizar os processos conducentes \u00e0 concess\u00e3o de equival\u00eancia e ao reconhecimento de habilita\u00e7\u00f5es;<\/p>\n\n\n\n<p class=\"has-text-color\" style=\"color:#808080\">&#8211; Organizar os processos para realiza\u00e7\u00e3o de provas para obten\u00e7\u00e3o de t\u00edtulo de agregado;<\/p>\n\n\n\n<p class=\"has-text-color\" style=\"color:#808080\">&#8211; Preparar os elementos relativos aos estudantes para responder \u00e0s solicita\u00e7\u00f5es da Universidade do Porto e \u00e0s externas, nomeadamente ao n\u00edvel do preenchimento de inqu\u00e9ritos.<\/p>\n\n\n\n<p class=\"has-text-color\" style=\"color:#808080\">A&nbsp;<strong><a href=\"https:\/\/ser.letras.up.pt\/uec\/\" target=\"_blank\" rel=\"noreferrer noopener\"><span style=\"text-decoration: underline\">Unidade de Educa\u00e7\u00e3o Cont\u00ednua<\/span><\/a>&nbsp;<\/strong>(UEC) tem as seguintes atribui\u00e7\u00f5es:<\/p>\n\n\n\n<p class=\"has-text-color\" style=\"color:#808080\">&#8211; Apoiar a elabora\u00e7\u00e3o, organiza\u00e7\u00e3o e divulga\u00e7\u00e3o de todos os cursos de Especializa\u00e7\u00e3o, de Estudos Avan\u00e7ados, de Forma\u00e7\u00e3o Cont\u00ednua e de Forma\u00e7\u00e3o Livre bem como outras a\u00e7\u00f5es de forma\u00e7\u00e3o desenvolvidas pela FLUP, em colabora\u00e7\u00e3o com os respons\u00e1veis cient\u00edficos das iniciativas, e, quando aplic\u00e1vel, com a Unidade de Apoio \u00e0 Presta\u00e7\u00e3o de Servi\u00e7os, garantindo a avalia\u00e7\u00e3o dos mesmos;<\/p>\n\n\n\n<p class=\"has-text-color\" style=\"color:#808080\">&#8211; Prestar informa\u00e7\u00f5es sobre as condi\u00e7\u00f5es de frequ\u00eancia nos cursos livres e de forma\u00e7\u00e3o cont\u00ednua da FLUP;<\/p>\n\n\n\n<p class=\"has-text-color\" style=\"color:#808080\">&#8211; Organizar e garantir a manuten\u00e7\u00e3o da base de dados relativa a formadores e formandos;<\/p>\n\n\n\n<p class=\"has-text-color\" style=\"color:#808080\">&#8211; Garantir a atualiza\u00e7\u00e3o da informa\u00e7\u00e3o dispon\u00edvel no sistema de informa\u00e7\u00e3o (SIGARRA) sobre os cursos e as unidades de forma\u00e7\u00e3o que apoia.<\/p>\n\n\n<div class=\"wp-block-image is-resized\">\n<figure class=\"aligncenter size-large\"><img loading=\"lazy\" decoding=\"async\" width=\"120\" height=\"150\" src=\"https:\/\/ser.letras.up.pt\/sga\/wp-content\/uploads\/2024\/05\/Raquel-Matos-1.jpg\" alt=\"\" class=\"wp-image-169\"\/><figcaption class=\"wp-element-caption\">A Respons\u00e1vel: Raquel Matos &#8211; <a href=\"mailto:raquelm@letras.up.pt\">raquelm@letras.up.pt<\/a><\/figcaption><\/figure><\/div>\n\n\n<div class=\"wp-block-columns is-layout-flex wp-container-core-columns-is-layout-2 wp-block-columns-is-layout-flex\">\n<div class=\"wp-block-column is-layout-flow wp-block-column-is-layout-flow\" style=\"flex-basis:100%\">\n<div class=\"wp-block-columns is-layout-flex wp-container-core-columns-is-layout-1 wp-block-columns-is-layout-flex\">\n<div class=\"wp-block-column is-layout-flow wp-block-column-is-layout-flow\" style=\"flex-basis:100%\">\n<h3 class=\"wp-block-heading has-text-align-center has-text-color\" style=\"color:#1b8be0\">A equipa<\/h3>\n\n\n<div class=\"wp-block-image wp-block-image aligncenter is-resized\">\n<figure class=\"\"><img loading=\"lazy\" decoding=\"async\" width=\"1024\" height=\"1024\" src=\"https:\/\/ser.letras.up.pt\/sga\/wp-content\/uploads\/2024\/05\/a-equipa-1024x1024.jpg\" alt=\"\" class=\"wp-image-84\" srcset=\"https:\/\/ser.letras.up.pt\/sga\/wp-content\/uploads\/2024\/05\/a-equipa-1024x1024.jpg 1024w, https:\/\/ser.letras.up.pt\/sga\/wp-content\/uploads\/2024\/05\/a-equipa-300x300.jpg 300w, https:\/\/ser.letras.up.pt\/sga\/wp-content\/uploads\/2024\/05\/a-equipa-150x150.jpg 150w, https:\/\/ser.letras.up.pt\/sga\/wp-content\/uploads\/2024\/05\/a-equipa-768x768.jpg 768w, https:\/\/ser.letras.up.pt\/sga\/wp-content\/uploads\/2024\/05\/a-equipa-1536x1536.jpg 1536w, https:\/\/ser.letras.up.pt\/sga\/wp-content\/uploads\/2024\/05\/a-equipa-2048x2048.jpg 2048w, https:\/\/ser.letras.up.pt\/sga\/wp-content\/uploads\/2024\/05\/a-equipa-400x400.jpg 400w\" sizes=\"auto, (max-width: 1024px) 100vw, 1024px\" \/><figcaption class=\"wp-element-caption\">SGA &#8211; Servi\u00e7o de Gest\u00e3o Acad\u00e9mica (Unidade de Forma\u00e7\u00e3o Graduada)<br>UEC &#8211; Unidade de Educa\u00e7\u00e3o Cont\u00ednua<br>PLE &#8211; Portugu\u00eas L\u00edngua Estrangeira<\/figcaption><\/figure><\/div>\n\n\n<p><\/p>\n<\/div>\n<\/div>\n<\/div>\n<\/div>\n\n\n\n<div class=\"wp-block-columns is-layout-flex wp-container-core-columns-is-layout-3 wp-block-columns-is-layout-flex\">\n<div class=\"wp-block-column is-layout-flow wp-block-column-is-layout-flow\">\n<h3 class=\"wp-block-heading has-text-align-center has-text-color\" style=\"color:#003ed1\"><a rel=\"noreferrer noopener\" href=\"https:\/\/ser.letras.up.pt\/sga\/\" target=\"_blank\"><span style=\"text-decoration: underline\">SGA<\/span><\/a><\/h3>\n\n\n\n<ul style=\"color:#808080\" class=\"wp-block-list has-text-color\">\n<li>Ana Paula Pereira &#8211; <a href=\"mailto:appereira@letras.up.pt\">appereira@letras.up.pt<\/a><\/li>\n\n\n\n<li>Carla Amaral &#8211; <a href=\"mailto:camaral@letras.up.pt\">camaral@letras.up.pt<\/a><\/li>\n\n\n\n<li>Manuela Silva &#8211; <a href=\"mailto:mmsilva@letras.up.pt\">mmsilva@letras.up.pt<\/a><\/li>\n\n\n\n<li>Olga Silva &#8211; <a href=\"mailto:osilva@letras.up.pt\">osilva@letras.up.pt<\/a><\/li>\n\n\n\n<li>Rosa Aires &#8211; <a href=\"mailto:rlebres@letras.up.pt\">rlebres@letras.up.pt<\/a><\/li>\n\n\n\n<li>S\u00f3nia Pinto &#8211; <a href=\"mailto:spinto@letras.up.pt\">spinto@letras.up.pt<\/a><\/li>\n\n\n\n<li>S\u00f3nia Tavares &#8211; <a href=\"mailto:stavares@letras.up.pt\">stavares@letras.up.pt<\/a><\/li>\n\n\n\n<li>Teresa Morais &#8211; <a href=\"mailto:tmorais@letras.up.pt\">tmorais@letras.up.pt<\/a><\/li>\n<\/ul>\n<\/div>\n\n\n\n<div class=\"wp-block-column is-layout-flow wp-block-column-is-layout-flow\">\n<h3 class=\"wp-block-heading has-text-align-center has-text-color\" style=\"color:#003ed1\"><a rel=\"noreferrer noopener\" href=\"https:\/\/ser.letras.up.pt\/uec\/\" target=\"_blank\"><span style=\"text-decoration: underline\">UEC<\/span><\/a><\/h3>\n\n\n\n<ul style=\"color:#808080\" class=\"wp-block-list has-text-color\">\n<li>Alexandra Melo &#8211; <a href=\"mailto:acmelo@letras.up.pt\">acmelo@letras.up.pt<\/a><\/li>\n\n\n\n<li>Helder Cardoso &#8211; <a href=\"mailto:hcardoso@letras.up.pt\">hcardoso@letras.up.pt<\/a><\/li>\n\n\n\n<li>Marta Craveiro &#8211; <a href=\"mailto:mcraveiro@letras.up.pt\">mcraveiro@letras.up.pt<\/a><\/li>\n<\/ul>\n\n\n\n<p class=\"has-text-align-center has-text-color\" style=\"color:#1b8be0\"><strong>Geral: <\/strong><a href=\"mailto:uec@letras.up.pt\" target=\"_blank\" rel=\"noreferrer noopener\"><span style=\"text-decoration: underline\">uec@letras.up.pt<\/span><\/a><\/p>\n<\/div>\n\n\n\n<div class=\"wp-block-column is-layout-flow wp-block-column-is-layout-flow\">\n<h3 class=\"wp-block-heading has-text-align-center has-text-color\" style=\"color:#003ed1\"><a rel=\"noreferrer noopener\" href=\"https:\/\/sigarra.up.pt\/flup\/en\/WEB_BASE.GERA_PAGINA?P_pagina=2419\" target=\"_blank\"><span style=\"text-decoration: underline\">PLE<\/span><\/a><\/h3>\n\n\n\n<ul style=\"color:#808080\" class=\"wp-block-list has-text-color\">\n<li>Alexandra Melo &#8211; <a href=\"mailto:acmelo@letras.up.pt\">acmelo@letras.up.pt<\/a><\/li>\n\n\n\n<li>\u00c2ngela&nbsp;Oliveira &#8211; <a href=\"mailto:amoliveira@letras.up.pt\">amoliveira@letras.up.pt<\/a><\/li>\n<\/ul>\n\n\n\n<p class=\"has-text-align-center has-text-color\" style=\"color:#1b8be0\"><strong>Geral: <\/strong><a href=\"mailto:ple@letras.up.pt\"><span style=\"text-decoration: underline\">ple@letras.up.pt<\/span><\/a><\/p>\n<\/div>\n<\/div>\n\n\n\n<div class=\"wp-block-buttons is-content-justification-center is-layout-flex wp-container-core-buttons-is-layout-1 wp-block-buttons-is-layout-flex\">\n<div class=\"wp-block-button is-style-outline is-style-outline--1\"><a class=\"wp-block-button__link has-text-color has-background wp-element-button\" href=\"https:\/\/ser.letras.up.pt\/sga\/contacte-nos\/\" style=\"border-radius:50px;color:#003ed1;background-color:#c4e1f6\" target=\"_blank\" rel=\"noreferrer noopener\"><strong>Contacte-nos<\/strong><\/a><\/div>\n<\/div>\n\n\n\n<p><br><br><\/p>\n\n\n\n<figure class=\"wp-block-pullquote alignwide has-text-align-center has-text-color has-background has-link-color wp-elements-07d269228ed03934b4a5b1cebc99807d\" style=\"color:#003ed1;background-color:#b4dfff;font-size:22px\"><blockquote><p><a href=\"https:\/\/ser.letras.up.pt\/sga\/dia-aberto-sga\/\">Dia aberto &#8211; marque reuni\u00e3o com a Respons\u00e1vel pelo Servi\u00e7o.<\/a><\/p><\/blockquote><\/figure>\n\n\n\n<p><\/p>\n","protected":false},"excerpt":{"rendered":"<p>O Servi\u00e7o de Gest\u00e3o Acad\u00e9mica desenvolve a sua atividade nas \u00e1reas da administra\u00e7\u00e3o, da gest\u00e3o e do apoio \u00e0 forma\u00e7\u00e3o de 1.\u00ba, 2.\u00ba e 3.\u00ba ciclos e \u00e0 Educa\u00e7\u00e3o Cont\u00ednua, bem como na organiza\u00e7\u00e3o dos processos administrativos de forma\u00e7\u00e3o avan\u00e7ada, incluindo provas para obten\u00e7\u00e3o de t\u00edtulo de agregado. O Servi\u00e7o \u00e9 constitu\u00eddo por duas unidades [&hellip;]<\/p>\n","protected":false},"author":10,"featured_media":0,"parent":0,"menu_order":0,"comment_status":"closed","ping_status":"closed","template":"","meta":{"footnotes":""},"class_list":["post-30","page","type-page","status-publish","hentry"],"_links":{"self":[{"href":"https:\/\/ser.letras.up.pt\/sga\/wp-json\/wp\/v2\/pages\/30","targetHints":{"allow":["GET"]}}],"collection":[{"href":"https:\/\/ser.letras.up.pt\/sga\/wp-json\/wp\/v2\/pages"}],"about":[{"href":"https:\/\/ser.letras.up.pt\/sga\/wp-json\/wp\/v2\/types\/page"}],"author":[{"embeddable":true,"href":"https:\/\/ser.letras.up.pt\/sga\/wp-json\/wp\/v2\/users\/10"}],"replies":[{"embeddable":true,"href":"https:\/\/ser.letras.up.pt\/sga\/wp-json\/wp\/v2\/comments?post=30"}],"version-history":[{"count":38,"href":"https:\/\/ser.letras.up.pt\/sga\/wp-json\/wp\/v2\/pages\/30\/revisions"}],"predecessor-version":[{"id":1619,"href":"https:\/\/ser.letras.up.pt\/sga\/wp-json\/wp\/v2\/pages\/30\/revisions\/1619"}],"wp:attachment":[{"href":"https:\/\/ser.letras.up.pt\/sga\/wp-json\/wp\/v2\/media?parent=30"}],"curies":[{"name":"wp","href":"https:\/\/api.w.org\/{rel}","templated":true}]}}