{"id":1367,"date":"2025-04-15T14:32:08","date_gmt":"2025-04-15T14:32:08","guid":{"rendered":"https:\/\/ser.letras.up.pt\/sga\/?page_id=1367"},"modified":"2025-04-15T14:49:38","modified_gmt":"2025-04-15T14:49:38","slug":"inqueritos","status":"publish","type":"page","link":"https:\/\/ser.letras.up.pt\/sga\/inqueritos\/","title":{"rendered":"Inqu\u00e9ritos"},"content":{"rendered":"\n<p>A sua opini\u00e3o \u00e9 importante para n\u00f3s. Por favor, ajude-nos a melhorar \ud83d\ude09<\/p>\n\n\n\n<p><a href=\"https:\/\/ser.letras.up.pt\/sga\/inquerito-de-satisfacao-apreciacao-global-sga\/\">Inqu\u00e9rito de satisfa\u00e7\u00e3o &#8211; aprecia\u00e7\u00e3o global SGA<\/a><\/p>\n\n\n\n<p><a href=\"https:\/\/ser.letras.up.pt\/sga\/inquerito-de-satisfacao-sga\/\">Inqu\u00e9rito de satisfa\u00e7\u00e3o &#8211; presta\u00e7\u00e3o de servi\u00e7os SGA<\/a><\/p>\n\n\n\n<p><\/p>\n","protected":false},"excerpt":{"rendered":"<p>A sua opini\u00e3o \u00e9 importante para n\u00f3s. Por favor, ajude-nos a melhorar \ud83d\ude09 Inqu\u00e9rito de satisfa\u00e7\u00e3o &#8211; aprecia\u00e7\u00e3o global SGA Inqu\u00e9rito de satisfa\u00e7\u00e3o &#8211; presta\u00e7\u00e3o de servi\u00e7os SGA<\/p>\n","protected":false},"author":10,"featured_media":0,"parent":0,"menu_order":0,"comment_status":"closed","ping_status":"closed","template":"","meta":{"footnotes":""},"class_list":["post-1367","page","type-page","status-publish","hentry"],"_links":{"self":[{"href":"https:\/\/ser.letras.up.pt\/sga\/wp-json\/wp\/v2\/pages\/1367","targetHints":{"allow":["GET"]}}],"collection":[{"href":"https:\/\/ser.letras.up.pt\/sga\/wp-json\/wp\/v2\/pages"}],"about":[{"href":"https:\/\/ser.letras.up.pt\/sga\/wp-json\/wp\/v2\/types\/page"}],"author":[{"embeddable":true,"href":"https:\/\/ser.letras.up.pt\/sga\/wp-json\/wp\/v2\/users\/10"}],"replies":[{"embeddable":true,"href":"https:\/\/ser.letras.up.pt\/sga\/wp-json\/wp\/v2\/comments?post=1367"}],"version-history":[{"count":2,"href":"https:\/\/ser.letras.up.pt\/sga\/wp-json\/wp\/v2\/pages\/1367\/revisions"}],"predecessor-version":[{"id":1377,"href":"https:\/\/ser.letras.up.pt\/sga\/wp-json\/wp\/v2\/pages\/1367\/revisions\/1377"}],"wp:attachment":[{"href":"https:\/\/ser.letras.up.pt\/sga\/wp-json\/wp\/v2\/media?parent=1367"}],"curies":[{"name":"wp","href":"https:\/\/api.w.org\/{rel}","templated":true}]}}